n. Calculate the highest common factor of r and 6.
6
Let u = -3300 - -3306. What is the highest common divisor of u and 56?
2
Suppose c - 2 - 8 = 0. Let i(y) = 21*y - 18. Let u be i(2). Suppose 40*g - 160 = u*g. Calculate the greatest common factor of g and c.
10
Let n be (53/(-5))/((-5213)/650 + 8). Calculate the greatest common divisor of 130 and n.
10
Suppose 2*q - 2472 = 4*n + 768, 0 = q - n - 1620. Suppose 26*a - q = 20*a. What is the greatest common divisor of a and 54?
54
Suppose 4*m - q - 9 = -0*m, 4*m + 2*q = 6. Suppose 0 = -x - 4*v + 28, m*v + 116 = 2*x - 2*v. What is the greatest common divisor of x and 24?
24
Suppose 23*f - 14*f - 27 = 0. Suppose n - f*n - 4*w = -32, n + w - 11 = 0. What is the highest common divisor of n and 150?
6
Let t(z) = 18*z**2 - 196*z - 2. Let d be t(11). Let n be 2/4*4/(-2). Let h be 98 + n - (-18)/6. Calculate the greatest common divisor of h and d.
20
Let q be 4/(-10) + (-306)/(-15). Let s be 9*(-98)/(-21) - 7. Suppose s*i = 31*i + 200. Calculate the greatest common divisor of q and i.
10
Let q be ((-3170)/2219)/((-2)/35). Calculate the highest common divisor of q and 2225.
25
Let n = -23 + 29. Suppose 4 = 2*g, 3*d - 2*g = -n*g + 164. Let r = d - -12. Calculate the highest common factor of r and 8.
8
Suppose -1843 = -18*z + 10433. Calculate the highest common divisor of 33 and z.
11
Let r = -24 + 40. Suppose -2*l + 4*b + 14 = -2, -3*b = l - 28. Calculate the highest common factor of l and r.
16
Let t = -1060 + 2221. What is the greatest common divisor of t and 36?
9
Suppose 4*z + 2*d = 2*z - 28, -4*z - 3*d - 58 = 0. Let b be z/(-10)*1875/30. Calculate the highest common factor of b and 30.
10
Let g be (1*(-144)/(-20))/(-10*(-18)/450). Suppose 7*p = 2*p + 990. Calculate the greatest common divisor of g and p.
18
Suppose -2*o - 12 = -3*c + 8, o + 30 = 4*c. Let z = 23 - c. Let j(d) = -3*d + 18. Let l be j(-9). What is the greatest common factor of l and z?
15
Let x(j) = -251*j - 43. Let u = 414 + -416. Let s be x(u). Calculate the greatest common divisor of 27 and s.
27
Suppose 3496 = 126*p - 3056. What is the greatest common factor of 1378 and p?
26
Let f be 780/182 + 4/(-14). Suppose -c - 5*z = -1, 0 = -f*c + 3*z - 53 + 172. What is the greatest common factor of c and 26?
26
Let h be (2 - 21/(-1)) + 2. Suppose 0 = 114*a - 68*a - 5750. Calculate the highest common divisor of h and a.
25
Suppose 4*p = p - 54. Let o be (-16)/(-72) - 1184/p. Let x = 33 + o. What is the highest common divisor of x and 9?
9
Let s(q) = -q**3 - 7*q**2 - 7*q + 14. Let d be s(-16). Calculate the greatest common factor of d and 108.
54
Suppose -2*p = -994 - 1328. What is the highest common factor of 258 and p?
129
Suppose 149 = 6*d - 307. Let m = -58 + d. Calculate the greatest common factor of m and 27.
9
Let u(a) = -a**3 - 6*a**2 - 6*a + 3. Let h be u(-5). Suppose -39*g + 21681 - 777 = 0. What is the greatest common divisor of h and g?
8
Suppose 8*g + 19 + 53 = 0. Let s be (g/3 - -5)*(6 + -1). What is the highest common factor of 280 and s?
10
Let j be -65*(3/(-2) + (-1)/(-2)). Let m = j + -47. Suppose -d + 29 = m. What is the greatest common factor of d and 88?
11
Suppose -5*h + w = -3013, -2*h - 55 + 1250 = 3*w. What is the greatest common factor of 112 and h?
14
Suppose -2*i + 5*u - 109 = 0, 3*i + 2*i + 325 = -5*u. Let g be -3 - 2/(-2) - i. Let t = 51 - 39. What is the greatest common divisor of t and g?
12
Let p = -495 + 498. Suppose 0 = -5*r + p*o + 257, -r = 4*o - 12 - 21. Calculate the highest common divisor of 539 and r.
49
Let y be (-114360)/175*(-180)/162 - (-62)/(-651). Let c be (-1)/(-4) + (-174)/(-8). Calculate the highest common factor of y and c.
22
Let o = -40 - -37. Let k be ((-52)/(-5))/(o/15). Let h be 8/k - (-84)/39. Calculate the highest common divisor of 2 and h.
2
Let r(w) = 39 - w + 54 + 21 + 29 - 21. Let s be r(-31). What is the highest common divisor of 17 and s?
17
Suppose r - 5 = 0, -4*x + r - 172 - 13 = 0. Let w = 58 + x. Let b = 18 - w. What is the highest common factor of b and 15?
5
Let t(z) = 26*z - 7. Let f be t(3). Let w = -45 + f. Let s(i) = 3*i**2 - 52*i + 105. Let c be s(2). What is the highest common factor of w and c?
13
Let v = -770 - -1237. Let q = v + -386. What is the highest common divisor of 891 and q?
81
Suppose 2*s + 6 = 4*s. Let m be 2010/(-67) + (-1 - -106). Calculate the highest common factor of m and s.
3
Let m = -22387 + 22463. Suppose 2*w - 4 - 4 = 0. What is the greatest common divisor of m and w?
4
Suppose 9 = -t - 5*n, 2*t + 4 = -4*n + n. Let a(k) = 7*k. Let g be a(t). What is the greatest common factor of 1 and g?
1
Suppose -68 = -y + k, -2*y + k + 85 + 55 = 0. Let f be y/12*33/6. What is the greatest common factor of 264 and f?
33
Suppose 0 = -21*r + 64*r + 12 - 55. What is the greatest common divisor of r and 553?
1
Let d be (14 - 4)*(-84)/(-15). Let o be 654/9 - d/(-24). Let q = 56 - 31. Calculate the greatest common factor of q and o.
25
Let s(v) = v**3 - 42*v**2 - 75*v + 112. Let r be s(44). Calculate the highest common divisor of 9 and r.
9
Let h(z) = -3*z**3 - 3*z**2 + 162*z + 1024. Let r be h(-6). Let y(m) = m**3 - 3*m**2 - 6*m + 2. Let v be y(6). Calculate the highest common factor of v and r.
74
Let d be 2197/7 + 156/(-182). Let h = 85 - 275. Let y = d + h. Calculate the highest common divisor of y and 41.
41
Suppose 4*r + 4*x - 2*x = 234, -2*r - 5*x = -121. Let q = 803 - -520. Suppose q = 16*m - 997. What is the highest common factor of r and m?
29
Suppose -y = -56 + 18. Let n(r) = r**3 + 3*r**2 - 5*r + 9. Let k be n(2). What is the highest common factor of y and k?
19
Suppose 0*d + 5*d - 10 = 0. Let s be 96/d*((-68)/(-8) - 2). What is the greatest common factor of s and 39?
39
Let l = 441 + -451. Let a be 2/l - 15158/(-265). What is the highest common divisor of 323 and a?
19
Suppose -2*j - 468 = -11*j. Let q be (117/j)/(3/8). Suppose -4*p + q = -2. Calculate the greatest common factor of 14 and p.
2
Suppose 0 = -4*l - 0*l - 40. Let w be (-3 + 5)/((-24)/l - 2). Suppose h + g - 32 = 22, w*h = -g + 262. Calculate the greatest common divisor of h and 13.
13
Let b(o) = -o**3 - 5*o**2 + 9*o + 18. Let f be b(-6). Suppose f = -6*p + 3*p + 270. What is the highest common factor of p and 60?
30
Let u = -1305 + 564. Let i = u + 748. Calculate the greatest common divisor of i and 119.
7
Suppose -24*j = -56*j - 9*j + 311600. Calculate the highest common divisor of 720 and j.
80
Let i = 1210 + -1118. What is the greatest common factor of i and 1403?
23
Let p = -8 - -13. Let z(s) = 5 + 3*s - p*s + 9*s + s. Let h be z(1). What is the highest common factor of 26 and h?
13
Let y(r) = 23*r**3 - 2*r**2 + 2*r - 1. Let a be y(1). Suppose 25*j = a*j + 24. Calculate the greatest common divisor of 1 and j.
1
Let b be (-156)/96*-10*(-12)/(-5). Let p(h) = -h - 13. Let f be p(-6). Let c be (-271)/f - (-2)/7. Calculate the highest common divisor of c and b.
39
Let i(h) = -2*h**2 + 34*h + 19. Let k be i(16). Suppose 0 = 7*r - k + 16. Suppose r*w - 230 = 170. What is the highest common factor of w and 20?
20
Suppose 3*r - 268 + 10 = 3*n, -230 = -3*r - n. What is the greatest common divisor of r and 79?
79
Suppose -12*v - 16*v = -12*v - 1280. Calculate the highest common factor of v and 2780.
20
Let x = 5059 - 5058. Calculate the greatest common divisor of 1117 and x.
1
Suppose 3*b = 2*h - 382, -2*h + 4*h + b - 398 = 0. Suppose -2*q = 0, 3*q + h + 63 = 5*f. What is the greatest common factor of 286 and f?
26
Let g(k) = k**3 - 15*k**2 - 73*k - 3. Let a be g(19). What is the highest common divisor of a and 486?
54
Let s(b) = -5*b**2 + 16*b + 4. Let h be s(6). Let m = h - -143. What is the highest common factor of m and 7?
7
Suppose -58*p + 54*p = -56. Calculate the greatest common divisor of p and 483.
7
Let b = -24 - -27. Suppose p - b = 4. Suppose -4*c = -p*c + 90. Calculate the greatest common divisor of 120 and c.
30
Let c be -2 + (5 - 2) - -39. Let l(m) = -25*m - 92. Suppose -29*j + 33*j + 16 = 0. Let s be l(j). What is the highest common factor of c and s?
8
Let y(i) = 75*i**2 + 127*i + 1. Let v be y(-2). Calculate the highest common factor of v and 188.
47
Let c be 7*(4 + 54/(-21)). Let u(x) = 7*x - 6. Let i be u(c). Suppose 6*b = 4*b + i. What is the highest common divisor of b and